{"id":610,"date":"2025-09-28T10:13:17","date_gmt":"2025-09-28T08:13:17","guid":{"rendered":"https:\/\/camina-schmid.com\/?page_id=610"},"modified":"2025-12-09T12:45:00","modified_gmt":"2025-12-09T11:45:00","slug":"qui-nous-sommes","status":"publish","type":"page","link":"https:\/\/camina-schmid.com\/fr\/qui-nous-sommes\/","title":{"rendered":"Qui nous sommes"},"content":{"rendered":"<div class='breakdance'><section class=\"bde-section-610-100 bde-section\">\n              \n  \n  \n\t    \n      <div class=\"section-background-video\">\n              <video\n          autoplay\n          muted\n                                loop\n                          >\n        <source src=\"https:\/\/camina-schmid.com\/wp-content\/uploads\/2025\/11\/camina-schmid-usa-loop-final-1.mp4\" type=\"video\/mp4\" \/>\n      <\/video>\n      <\/div>\n\n\n  <div class=\"section-background-overlay\"><\/div>\n\n\n<div class=\"section-container\"><h1 class=\"bde-heading-610-101 bde-heading\">\nCamina & Schmid\n<\/h1><div class=\"bde-div-610-102 bde-div\">\n  \n  \n\t\n\n\n\n<div class=\"bde-div-610-103 bde-div\">\n  \n  \n\t\n\n\n\n<div class=\"bde-text-610-104 bde-text\">\nNous sommes en feu\n<\/div><div class=\"bde-text-610-105 bde-text\">\nPort\u00e9s par une vision inspirante et des valeurs qui nous font avancer\n<\/div>\n<\/div>\n<\/div><\/div>\n<\/section><section class=\"bde-section-610-106 bde-section\">\n  \n  \n\t\n\n\n\n<div class=\"section-container\"><h2 class=\"bde-heading-610-107 bde-heading bde-preset-5305eaa7-3d1b-4247-ba51-dc834af5a21a\">\n\u00c0 propos de nous\n<\/h2><div class=\"bde-rich-text-610-108 bde-rich-text breakdance-rich-text-styles\">\n<p><strong>Relier les \u00eatres humains par l\u2019\u00e9motion et l\u2019exp\u00e9rience du feu inspire chacune de nos actions.<\/strong><\/p><p>Entreprise familiale priv\u00e9e de troisi\u00e8me g\u00e9n\u00e9ration, nous comptons 135 employ\u00e9s qui portent fi\u00e8rement le flambeau de notre fondateur, Waldemar Rokossa, en innovant constamment et en d\u00e9veloppant des appareils au gaz et au bois intemporels et de haute qualit\u00e9.<\/p>\n<\/div><\/div>\n<\/section><section class=\"bde-section-610-109 bde-section\">\n  \n  \n\t\n\n\n\n<div class=\"section-container\"><h2 class=\"bde-heading-610-110 bde-heading bde-preset-5305eaa7-3d1b-4247-ba51-dc834af5a21a\">\nQui nous sommes\n<\/h2><div class=\"bde-grid-610-111 bde-grid\">\n  \n  \n\t\n\n\n\n<div class=\"bde-div-610-112 bde-div\">\n  \n  \n\t\n\n\n\n<img decoding=\"async\" class=\"bde-image2-610-113 bde-image2\" src=\"https:\/\/camina-schmid.com\/wp-content\/uploads\/2025\/11\/cs-teambild-2-web.jpg\" loading=\"lazy\" srcset=\"https:\/\/camina-schmid.com\/wp-content\/uploads\/2025\/11\/cs-teambild-2-web.jpg 1120w, https:\/\/camina-schmid.com\/wp-content\/uploads\/2025\/11\/cs-teambild-2-web-500x357.jpg 500w, https:\/\/camina-schmid.com\/wp-content\/uploads\/2025\/11\/cs-teambild-2-web-768x549.jpg 768w, https:\/\/camina-schmid.com\/wp-content\/uploads\/2025\/11\/cs-teambild-2-web-105x75.jpg 105w\" sizes=\"(max-width: 1120px) 100vw, 1120px\"><h3 class=\"bde-heading-610-114 bde-heading\">\nFeu, famille et \u00e9quit\u00e9\n<\/h3><div class=\"bde-text-610-115 bde-text\">\n\u00ab Notre motivation est claire : le feu rassemble \u2014 il l\u2019a toujours fait et le fera toujours. \u00bb Avec un foyer au gaz, vous apportez chaleur, ambiance et confort instantan\u00e9 dans votre maison. D\u00e9couvrez la technologie de combustion de Camina & Schmid et profitez d\u2019un m\u00e9lange unique de confort, de style et d\u2019innovation.\n<\/div>\n<\/div><div class=\"bde-div-610-116 bde-div\">\n  \n  \n\t\n\n\n\n<img decoding=\"async\" class=\"bde-image2-610-117 bde-image2\" src=\"https:\/\/camina-schmid.com\/wp-content\/uploads\/2025\/11\/cs-who-we-are-7x5r-1280x914.jpg\" alt=\"\" loading=\"lazy\" srcset=\"https:\/\/camina-schmid.com\/wp-content\/uploads\/2025\/11\/cs-who-we-are-7x5r.jpg 2362w, https:\/\/camina-schmid.com\/wp-content\/uploads\/2025\/11\/cs-who-we-are-7x5r-500x357.jpg 500w, https:\/\/camina-schmid.com\/wp-content\/uploads\/2025\/11\/cs-who-we-are-7x5r-1280x914.jpg 1280w, https:\/\/camina-schmid.com\/wp-content\/uploads\/2025\/11\/cs-who-we-are-7x5r-768x549.jpg 768w, https:\/\/camina-schmid.com\/wp-content\/uploads\/2025\/11\/cs-who-we-are-7x5r-1536x1097.jpg 1536w, https:\/\/camina-schmid.com\/wp-content\/uploads\/2025\/11\/cs-who-we-are-7x5r-2048x1463.jpg 2048w, https:\/\/camina-schmid.com\/wp-content\/uploads\/2025\/11\/cs-who-we-are-7x5r-105x75.jpg 105w\" sizes=\"(max-width: 2362px) 100vw, 2362px\"><div class=\"bde-div-610-118 bde-div\">\n  \n  \n\t\n\n\n\n<h3 class=\"bde-heading-610-119 bde-heading\">\nPr\u00e9sence mondiale\n<\/h3><div class=\"bde-text-610-120 bde-text\">\nAvec une pr\u00e9sence dans 40 pays \u00e0 travers l\u2019Asie et l\u2019Europe, nos partenaires commerciaux sont unis par la m\u00eame motivation : apporter l\u2019exp\u00e9rience unique du feu Camina & Schmid dans les foyers du monde entier. Relier les gens au-del\u00e0 des fronti\u00e8res gr\u00e2ce \u00e0 l\u2019exp\u00e9rience partag\u00e9e du feu stimule notre innovation produit et nous inspire \u00e0 offrir l\u2019excellence.\n<\/div>\n<\/div>\n<\/div>\n<\/div><\/div>\n<\/section><section class=\"bde-section-610-121 bde-section\">\n              \n  \n  \n\t\n\n  <div class=\"section-background-overlay\"><\/div>\n\n\n<div class=\"section-container\"><h2 class=\"bde-heading-610-122 bde-heading\">\nNotre vision\n<\/h2><div class=\"bde-rich-text-610-123 bde-rich-text breakdance-rich-text-styles\">\n<p>Notre vision est de rassembler les gens gr\u00e2ce \u00e0 l\u2019exp\u00e9rience du feu, en adaptant nos foyers \u00e0 chaque situation spatiale unique. Chaque pi\u00e8ce pr\u00e9sente des exigences diff\u00e9rentes en mati\u00e8re de forme et de fonctionnalit\u00e9. Nos produits rel\u00e8vent ce d\u00e9fi en offrant chaleur et s\u00e9curit\u00e9, tout en contribuant \u00e0 transformer une maison en v\u00e9ritable foyer.<\/p>\n<\/div><\/div>\n<\/section><section class=\"bde-section-610-124 bde-section\">\n  \n  \n\t\n\n\n\n<div class=\"section-container\"><h2 class=\"bde-heading-610-125 bde-heading bde-preset-5305eaa7-3d1b-4247-ba51-dc834af5a21a\">\nJalons\n<\/h2><div class=\"bde-grid-610-126 bde-grid\">\n  \n  \n\t\n\n\n\n<div class=\"bde-div-610-127 bde-div\">\n  \n  \n\t\n\n\n\n<div class=\"bde-text-610-128 bde-text\">\n<b>1997<\/b><br>Fondation de l\u2019entreprise Camina par Waldemar Rokossa.<br><br><b>2002<\/b><br>Acquisition de Schmid Feuerungstechnik afin d\u2019offrir une gamme compl\u00e8te de foyers.<br><br><b>2003<\/b><br>Anna Zindler (Rokossa) devient directrice g\u00e9n\u00e9rale de la marque Camina.<br><br><b>2004<\/b><br>Acquisition d\u2019une usine sid\u00e9rurgique des ann\u00e9es 1920 en Allemagne, qui devient le si\u00e8ge de la production.<br><br><b>2015<\/b><br>Hommage et adieu au fondateur de l\u2019entreprise, Waldemar Rokossa.<br><br><b>2017<\/b><br>Relance marketing et \u00e9largissement de la gamme avec de nouveaux produits.\n<\/div>\n<\/div><div class=\"bde-div-610-129 bde-div\">\n  \n  \n\t\n\n\n\n<div class=\"bde-div-610-130 bde-div\">\n  \n  \n\t\n\n\n\n<img decoding=\"async\" class=\"bde-image2-610-131 bde-image2\" src=\"https:\/\/camina-schmid.com\/wp-content\/uploads\/2025\/11\/cs-timeline-1997-waldemar-streiche.jpg\" loading=\"lazy\" srcset=\"https:\/\/camina-schmid.com\/wp-content\/uploads\/2025\/11\/cs-timeline-1997-waldemar-streiche.jpg 768w, https:\/\/camina-schmid.com\/wp-content\/uploads\/2025\/11\/cs-timeline-1997-waldemar-streiche-500x500.jpg 500w, https:\/\/camina-schmid.com\/wp-content\/uploads\/2025\/11\/cs-timeline-1997-waldemar-streiche-250x250.jpg 250w, https:\/\/camina-schmid.com\/wp-content\/uploads\/2025\/11\/cs-timeline-1997-waldemar-streiche-75x75.jpg 75w\" sizes=\"(max-width: 768px) 100vw, 768px\">\n<\/div>\n<\/div>\n<\/div><div class=\"bde-columns-610-132 bde-columns\"><div class=\"bde-column-610-133 bde-column\">\n  \n  \n\t\n\n\n\n<img decoding=\"async\" class=\"bde-image2-610-134 bde-image2\" src=\"https:\/\/camina-schmid.com\/wp-content\/uploads\/2025\/11\/cs-timeline-2021-colin-thomas.jpg\" loading=\"lazy\" srcset=\"https:\/\/camina-schmid.com\/wp-content\/uploads\/2025\/11\/cs-timeline-2021-colin-thomas.jpg 768w, https:\/\/camina-schmid.com\/wp-content\/uploads\/2025\/11\/cs-timeline-2021-colin-thomas-500x500.jpg 500w, https:\/\/camina-schmid.com\/wp-content\/uploads\/2025\/11\/cs-timeline-2021-colin-thomas-250x250.jpg 250w, https:\/\/camina-schmid.com\/wp-content\/uploads\/2025\/11\/cs-timeline-2021-colin-thomas-75x75.jpg 75w\" sizes=\"(max-width: 768px) 100vw, 768px\">\n<\/div><div class=\"bde-column-610-135 bde-column\">\n  \n  \n\t\n\n\n\n<div class=\"bde-text-610-136 bde-text\">\n<b>2018<\/b><br>D\u00e9veloppement de notre premier foyer au gaz.<br><br><b>2020<\/b><br>Colin Rokossa prend la direction des ventes \u00e0 l\u2019exportation.<br><br><b>2021<\/b><br>Fondation de Camina & Schmid Inc. pour la distribution en Am\u00e9rique du Nord et au Canada.<br><br><b>2022<\/b><br>Nos partenaires et importateurs Monsma (\u00c9tats-Unis) et The Foundry (Canada) nous soutiennent activement dans l\u2019expansion de notre r\u00e9seau de d\u00e9taillants.<br><br><b>2025<\/b><br>Nous \u00e9largissons notre gamme de produits avec l\u2019arriv\u00e9e du Lina G 42.\n<\/div>\n<\/div><\/div><\/div>\n<\/section><section class=\"bde-section-610-137 bde-section\">\n              \n  \n  \n\t\n\n  <div class=\"section-background-overlay\"><\/div>\n\n\n<div class=\"section-container\"><div class=\"bde-rich-text-610-138 bde-rich-text breakdance-rich-text-styles\">\n<p>Depuis 2001, la fabrication de technologies de combustion selon les plus hauts standards de qualit\u00e9 va de pair avec une position de leader de l\u2019industrie en mati\u00e8re de normes sociales, de s\u00e9curit\u00e9 et d\u2019environnement, auxquelles nos clients s\u2019attendent.<\/p>\n<\/div><\/div>\n<\/section><section class=\"bde-section-610-147 bde-section\">\n  \n  \n\t\n\n\n\n<div class=\"section-container\"><h2 class=\"bde-heading-610-148 bde-heading\">\n<b>Learn more<\/b>\n<\/h2><div class=\"bde-grid-610-149 bde-grid\">\n  \n  \n\t\n\n\n\n<a class=\"bde-container-link-610-150 bde-container-link breakdance-link\" href=\"https:\/\/camina-schmid.com\/fr\/fabrique-en-allemagne\/\" target=\"_self\" data-type=\"url\" data-bde-lazy-bg=\"waiting\">\n              \n  \n        \n    \n\t\n\n  <div class=\"section-background-overlay\"><\/div>\n\n\n<div class=\"bde-text-610-151 bde-text\">\nMade in Germany\n<\/div>\n\n<\/a><a class=\"bde-container-link-610-152 bde-container-link breakdance-link\" href=\"https:\/\/camina-schmid.com\/fr\/produits\/\" target=\"_self\" data-type=\"url\" data-bde-lazy-bg=\"waiting\">\n              \n  \n        \n    \n\t\n\n  <div class=\"section-background-overlay\"><\/div>\n\n\n<div class=\"bde-text-610-153 bde-text\">\nOur gas fireplaces\n<\/div>\n\n<\/a>\n<\/div><\/div>\n<\/section><\/div>","protected":false},"excerpt":{"rendered":"<p>Camina &#038; Schmid Nous sommes en feu Port\u00e9s par une vision inspirante et des valeurs qui nous font avancer \u00c0 propos de nous Relier les \u00eatres humains par l\u2019\u00e9motion et l\u2019exp\u00e9rience du feu inspire chacune de nos actions.Entreprise familiale priv\u00e9e de troisi\u00e8me g\u00e9n\u00e9ration, nous comptons 135 employ\u00e9s qui portent fi\u00e8rement le flambeau de notre fondateur, [&hellip;]<\/p>\n","protected":false},"author":2,"featured_media":0,"parent":0,"menu_order":0,"comment_status":"closed","ping_status":"closed","template":"","meta":{"_acf_changed":false,"_breakdance_hide_in_design_set":false,"_breakdance_tags":"","footnotes":""},"class_list":["post-610","page","type-page","status-publish","hentry"],"acf":[],"_links":{"self":[{"href":"https:\/\/camina-schmid.com\/fr\/wp-json\/wp\/v2\/pages\/610","targetHints":{"allow":["GET"]}}],"collection":[{"href":"https:\/\/camina-schmid.com\/fr\/wp-json\/wp\/v2\/pages"}],"about":[{"href":"https:\/\/camina-schmid.com\/fr\/wp-json\/wp\/v2\/types\/page"}],"author":[{"embeddable":true,"href":"https:\/\/camina-schmid.com\/fr\/wp-json\/wp\/v2\/users\/2"}],"replies":[{"embeddable":true,"href":"https:\/\/camina-schmid.com\/fr\/wp-json\/wp\/v2\/comments?post=610"}],"version-history":[{"count":7,"href":"https:\/\/camina-schmid.com\/fr\/wp-json\/wp\/v2\/pages\/610\/revisions"}],"predecessor-version":[{"id":984,"href":"https:\/\/camina-schmid.com\/fr\/wp-json\/wp\/v2\/pages\/610\/revisions\/984"}],"wp:attachment":[{"href":"https:\/\/camina-schmid.com\/fr\/wp-json\/wp\/v2\/media?parent=610"}],"curies":[{"name":"wp","href":"https:\/\/api.w.org\/{rel}","templated":true}]}}

<div class='breakdance'><section class="bde-section-610-100 bde-section">
              
  
  
	    
      <div class="section-background-video">
              <video
          autoplay
          muted
                                loop
                          >
        <source src="https://camina-schmid.com/wp-content/uploads/2025/11/camina-schmid-usa-loop-final-1.mp4" type="video/mp4" />
      </video>
      </div>


  <div class="section-background-overlay"></div>


<div class="section-container"><h1 class="bde-heading-610-101 bde-heading">
Camina & Schmid
</h1><div class="bde-div-610-102 bde-div">
  
  
	



<div class="bde-div-610-103 bde-div">
  
  
	



<div class="bde-text-610-104 bde-text">
Nous sommes en feu
</div><div class="bde-text-610-105 bde-text">
Portés par une vision inspirante et des valeurs qui nous font avancer
</div>
</div>
</div></div>
</section><section class="bde-section-610-106 bde-section">
  
  
	



<div class="section-container"><h2 class="bde-heading-610-107 bde-heading bde-preset-5305eaa7-3d1b-4247-ba51-dc834af5a21a">
À propos de nous
</h2><div class="bde-rich-text-610-108 bde-rich-text breakdance-rich-text-styles">
<p><strong>Relier les êtres humains par l’émotion et l’expérience du feu inspire chacune de nos actions.</strong></p><p>Entreprise familiale privée de troisième génération, nous comptons 135 employés qui portent fièrement le flambeau de notre fondateur, Waldemar Rokossa, en innovant constamment et en développant des appareils au gaz et au bois intemporels et de haute qualité.</p>
</div></div>
</section><section class="bde-section-610-109 bde-section">
  
  
	



<div class="section-container"><h2 class="bde-heading-610-110 bde-heading bde-preset-5305eaa7-3d1b-4247-ba51-dc834af5a21a">
Qui nous sommes
</h2><div class="bde-grid-610-111 bde-grid">
  
  
	



<div class="bde-div-610-112 bde-div">
  
  
	



<img decoding="async" class="bde-image2-610-113 bde-image2" src="https://camina-schmid.com/wp-content/uploads/2025/11/cs-teambild-2-web.jpg" loading="lazy" srcset="https://camina-schmid.com/wp-content/uploads/2025/11/cs-teambild-2-web.jpg 1120w, https://camina-schmid.com/wp-content/uploads/2025/11/cs-teambild-2-web-500x357.jpg 500w, https://camina-schmid.com/wp-content/uploads/2025/11/cs-teambild-2-web-768x549.jpg 768w, https://camina-schmid.com/wp-content/uploads/2025/11/cs-teambild-2-web-105x75.jpg 105w" sizes="(max-width: 1120px) 100vw, 1120px"><h3 class="bde-heading-610-114 bde-heading">
Feu, famille et équité
</h3><div class="bde-text-610-115 bde-text">
« Notre motivation est claire : le feu rassemble — il l’a toujours fait et le fera toujours. » Avec un foyer au gaz, vous apportez chaleur, ambiance et confort instantané dans votre maison. Découvrez la technologie de combustion de Camina & Schmid et profitez d’un mélange unique de confort, de style et d’innovation.
</div>
</div><div class="bde-div-610-116 bde-div">
  
  
	



<img decoding="async" class="bde-image2-610-117 bde-image2" src="https://camina-schmid.com/wp-content/uploads/2025/11/cs-who-we-are-7x5r-1280x914.jpg" alt="" loading="lazy" srcset="https://camina-schmid.com/wp-content/uploads/2025/11/cs-who-we-are-7x5r.jpg 2362w, https://camina-schmid.com/wp-content/uploads/2025/11/cs-who-we-are-7x5r-500x357.jpg 500w, https://camina-schmid.com/wp-content/uploads/2025/11/cs-who-we-are-7x5r-1280x914.jpg 1280w, https://camina-schmid.com/wp-content/uploads/2025/11/cs-who-we-are-7x5r-768x549.jpg 768w, https://camina-schmid.com/wp-content/uploads/2025/11/cs-who-we-are-7x5r-1536x1097.jpg 1536w, https://camina-schmid.com/wp-content/uploads/2025/11/cs-who-we-are-7x5r-2048x1463.jpg 2048w, https://camina-schmid.com/wp-content/uploads/2025/11/cs-who-we-are-7x5r-105x75.jpg 105w" sizes="(max-width: 2362px) 100vw, 2362px"><div class="bde-div-610-118 bde-div">
  
  
	



<h3 class="bde-heading-610-119 bde-heading">
Présence mondiale
</h3><div class="bde-text-610-120 bde-text">
Avec une présence dans 40 pays à travers l’Asie et l’Europe, nos partenaires commerciaux sont unis par la même motivation : apporter l’expérience unique du feu Camina & Schmid dans les foyers du monde entier. Relier les gens au-delà des frontières grâce à l’expérience partagée du feu stimule notre innovation produit et nous inspire à offrir l’excellence.
</div>
</div>
</div>
</div></div>
</section><section class="bde-section-610-121 bde-section">
              
  
  
	

  <div class="section-background-overlay"></div>


<div class="section-container"><h2 class="bde-heading-610-122 bde-heading">
Notre vision
</h2><div class="bde-rich-text-610-123 bde-rich-text breakdance-rich-text-styles">
<p>Notre vision est de rassembler les gens grâce à l’expérience du feu, en adaptant nos foyers à chaque situation spatiale unique. Chaque pièce présente des exigences différentes en matière de forme et de fonctionnalité. Nos produits relèvent ce défi en offrant chaleur et sécurité, tout en contribuant à transformer une maison en véritable foyer.</p>
</div></div>
</section><section class="bde-section-610-124 bde-section">
  
  
	



<div class="section-container"><h2 class="bde-heading-610-125 bde-heading bde-preset-5305eaa7-3d1b-4247-ba51-dc834af5a21a">
Jalons
</h2><div class="bde-grid-610-126 bde-grid">
  
  
	



<div class="bde-div-610-127 bde-div">
  
  
	



<div class="bde-text-610-128 bde-text">
<b>1997</b><br>Fondation de l’entreprise Camina par Waldemar Rokossa.<br><br><b>2002</b><br>Acquisition de Schmid Feuerungstechnik afin d’offrir une gamme complète de foyers.<br><br><b>2003</b><br>Anna Zindler (Rokossa) devient directrice générale de la marque Camina.<br><br><b>2004</b><br>Acquisition d’une usine sidérurgique des années 1920 en Allemagne, qui devient le siège de la production.<br><br><b>2015</b><br>Hommage et adieu au fondateur de l’entreprise, Waldemar Rokossa.<br><br><b>2017</b><br>Relance marketing et élargissement de la gamme avec de nouveaux produits.
</div>
</div><div class="bde-div-610-129 bde-div">
  
  
	



<div class="bde-div-610-130 bde-div">
  
  
	



<img decoding="async" class="bde-image2-610-131 bde-image2" src="https://camina-schmid.com/wp-content/uploads/2025/11/cs-timeline-1997-waldemar-streiche.jpg" loading="lazy" srcset="https://camina-schmid.com/wp-content/uploads/2025/11/cs-timeline-1997-waldemar-streiche.jpg 768w, https://camina-schmid.com/wp-content/uploads/2025/11/cs-timeline-1997-waldemar-streiche-500x500.jpg 500w, https://camina-schmid.com/wp-content/uploads/2025/11/cs-timeline-1997-waldemar-streiche-250x250.jpg 250w, https://camina-schmid.com/wp-content/uploads/2025/11/cs-timeline-1997-waldemar-streiche-75x75.jpg 75w" sizes="(max-width: 768px) 100vw, 768px">
</div>
</div>
</div><div class="bde-columns-610-132 bde-columns"><div class="bde-column-610-133 bde-column">
  
  
	



<img decoding="async" class="bde-image2-610-134 bde-image2" src="https://camina-schmid.com/wp-content/uploads/2025/11/cs-timeline-2021-colin-thomas.jpg" loading="lazy" srcset="https://camina-schmid.com/wp-content/uploads/2025/11/cs-timeline-2021-colin-thomas.jpg 768w, https://camina-schmid.com/wp-content/uploads/2025/11/cs-timeline-2021-colin-thomas-500x500.jpg 500w, https://camina-schmid.com/wp-content/uploads/2025/11/cs-timeline-2021-colin-thomas-250x250.jpg 250w, https://camina-schmid.com/wp-content/uploads/2025/11/cs-timeline-2021-colin-thomas-75x75.jpg 75w" sizes="(max-width: 768px) 100vw, 768px">
</div><div class="bde-column-610-135 bde-column">
  
  
	



<div class="bde-text-610-136 bde-text">
<b>2018</b><br>Développement de notre premier foyer au gaz.<br><br><b>2020</b><br>Colin Rokossa prend la direction des ventes à l’exportation.<br><br><b>2021</b><br>Fondation de Camina & Schmid Inc. pour la distribution en Amérique du Nord et au Canada.<br><br><b>2022</b><br>Nos partenaires et importateurs Monsma (États-Unis) et The Foundry (Canada) nous soutiennent activement dans l’expansion de notre réseau de détaillants.<br><br><b>2025</b><br>Nous élargissons notre gamme de produits avec l’arrivée du Lina G 42.
</div>
</div></div></div>
</section><section class="bde-section-610-137 bde-section">
              
  
  
	

  <div class="section-background-overlay"></div>


<div class="section-container"><div class="bde-rich-text-610-138 bde-rich-text breakdance-rich-text-styles">
<p>Depuis 2001, la fabrication de technologies de combustion selon les plus hauts standards de qualité va de pair avec une position de leader de l’industrie en matière de normes sociales, de sécurité et d’environnement, auxquelles nos clients s’attendent.</p>
</div></div>
</section><section class="bde-section-610-147 bde-section">
  
  
	



<div class="section-container"><h2 class="bde-heading-610-148 bde-heading">
<b>Learn more</b>
</h2><div class="bde-grid-610-149 bde-grid">
  
  
	



<a class="bde-container-link-610-150 bde-container-link breakdance-link" href="https://camina-schmid.com/fr/fabrique-en-allemagne/" target="_self" data-type="url" data-bde-lazy-bg="waiting">
              
  
        
    
	

  <div class="section-background-overlay"></div>


<div class="bde-text-610-151 bde-text">
Made in Germany
</div>

</a><a class="bde-container-link-610-152 bde-container-link breakdance-link" href="https://camina-schmid.com/fr/produits/" target="_self" data-type="url" data-bde-lazy-bg="waiting">
              
  
        
    
	

  <div class="section-background-overlay"></div>


<div class="bde-text-610-153 bde-text">
Our gas fireplaces
</div>

</a>
</div></div>
</section></div>

<p>Camina &#038; Schmid Nous sommes en feu Portés par une vision inspirante et des valeurs qui nous font avancer À propos de nous Relier les êtres humains par l’émotion et l’expérience du feu inspire chacune de nos actions.Entreprise familiale privée de troisième génération, nous comptons 135 employés qui portent fièrement le flambeau de notre fondateur, [&hellip;]</p>
